{"id":14655,"date":"2019-10-17T14:59:17","date_gmt":"2019-10-17T14:59:17","guid":{"rendered":"http:\/\/www.bretadamsltd.net\/content\/"},"modified":"2022-02-22T21:48:02","modified_gmt":"2022-02-22T21:48:02","slug":"matt-barbot","status":"publish","type":"page","link":"https:\/\/www.bretadamsltd.net\/content\/client\/plays\/matt-barbot\/","title":{"rendered":"Matt Barbot"},"content":{"rendered":"\n<p><strong>Plays:<\/strong><\/p>\n\n\n\n<p>EL COQU\u00cd ESPECTACULAR AND THE BOTTLE OF DOOM<br>PRINCESS CLARA OF LOISAIDA<br>SAINTS GO MARCHING<br>INFALLIBILITY<br>THE VENETIANS<br>STOO&#8217;S FAMOUS MARTIAN-AMERICAN GUMBO<\/p>\n\n\n\n<p><strong>Synopses:<\/strong><\/p>\n\n\n\n<p><strong><em>El Coqu\u00ed Espectacular and the Bottle of Doom<\/em><\/strong> Alex, a comic book artist whose ideas might be &#8220;too Puerto Rican,&#8221; has begun secretly dressing up as his creation: El Coqu\u00ed Espectacular, defender of Nuyoricans in all five boroughs! When his brother Joe is fired from a project for not being Puerto Rican enough, the two, with the help of a young photographer named Yesica, hatch a plan: to debut El Coqu\u00ed at the Puerto Rican Day Parade and prove themselves to the world. El Coqu\u00ed Espectacular and the Bottle of Doom examines the ways in which we define our heritage and ourselves.<\/p>\n\n\n\n<p><strong><em>Princess Clara of Loisaida<\/em><\/strong> With Mam\u00e1 long gone and Pap\u00e1 catatonic (and only able to sing old sitcom theme songs), aspiring baseball player and high school super-senior Jos\u00e9 finds himself in charge of his video-game obsessed little sister, Clara. Scraping by together on the Lower East Side, the siblings try to stay distracted from their bleak reality through Jos\u00e9\u2019s fanciful stories: that she was a fairy princess of a magical realm, left in Central Park for their parents to find. Unbeknownst to him, Fefu, a magical fairy scout embedded in New York to keep an eye out for the lost princess when she comes of age, has identified her target to bring her home. When the siblings realize Jos\u00e9\u2019s stories might be true \u2013 that, in fact, he may be making them come true \u2013 Clara is faced with a choice, and Jos\u00e9 will fight a magical battle for his sister\u2019s destiny. <\/p>\n\n\n\n<p><strong><em>Saints Go Marching<\/em><\/strong> Jo&#8217;s grandfather\u2014a decorated veteran\u2014has died, leaving emotional wreckage and unpaid debts in his wake. As she prepares for the funeral, Jo&#8217;s heart is set on keeping grandpa&#8217;s burial flag; to get it, she&#8217;ll have to deal with her despondent mother, an attempted exorcism, and competition from a secret aunt young enough to be her little sister. It won&#8217;t be easy, but nothing an aspiring saint like Jo can&#8217;t handle. <strong><em>Infallibility<\/em><\/strong> After being whisked off to Rome and tricked into playing a role in an infamous trial, aspiring actor Carlo has been thrown in a dungeon, guilty of committing a crime on behalf of the corrupt and vulgar medieval Pope Stephen VI, who has become obsessed with undoing his predecessor&#8217;s work. (Sound like anyone you know?) With the help of Saint Genesius &#8211; the Patron Saint of Actors, Clowns, and Lawyers &#8211; Carlo must perform the story of how he wound up in this situation, regain his faith, and find a happy ending. Based on the true story of the Cadaver Synod. <\/p>\n\n\n\n<p><strong><em>The Venetians<\/em><\/strong> Othello, the Moorish general, wants to give his beloved Desdemona the beautiful secret wedding she deserves&#8230; but that means borrowing ducats. Unfortunately for him, the Jewish moneylender Shylock has spent too long among the terrible people of Venice to see this marriage as anything but a death sentence for Othello. Unbeknownst to Shylock, however, his own daughter has begun an illicit romance that may bring the whole world crashing down on all their heads. A crossover between Shakespeare&#8217;s\u00a0<em>The Merchant of Venice <\/em>and\u00a0<em>The Tragedy of Othello, The Venetians<\/em> uses two classical outsiders to ask questions about immigration, assimilation, national identity, and what acceptance truly means. <\/p>\n\n\n\n<p><strong><em>Stoo&#8217;s Famous Martian-American Gumbo<\/em><\/strong> Stoo is a Martian boy who discovers that he can\u2019t grow his favorite fruit from Mars now that his family lives on Earth. Together with his diverse group of human friends, Stoo sets out to invent a brand new \u201cspecial food\u201d from delicious things on Earth. The result is a \u201cMartian-American gumbo\u201d \u2013 and a tale about the unifying power of friendship, music, and sharing a meal.<\/p>\n\n\n\n<p><strong>Bio:<\/strong><\/p>\n\n\n\n<p>Matt Barbot is a writer from Brooklyn, NY. His play\u00a0<em>El Coqu\u00ed Espect\u00e1cular and the Bottle of Doom<\/em> received its world premiere at Two River Theater in January of 2018. His play\u00a0<em>Infallibility<\/em> was produced as part of the 2013 New York International Fringe Festival, where it was named one of Indie Theater Now\u2019s Best of FringeNYC 2013.\u00a0<em>Princess Clara of Loisaida <\/em>was a finalist for the Latinx Theatre Commons&#8217; 2018 Carnaval of New Latinx Work, as well as for the 2018 Columbia@Roundabout New Play Series.\u00a0<em>Saints Go Marching <\/em>was a semifinalist for the Eugene O&#8217;Neill Theater Center&#8217;s National Playwrights Conference.\u00a0<em>The Venetians<\/em> was one of three plays included in Roundabout Theatre Company&#8217;s Columbia@Roundabout 2019 New Play Reading Series. Recently, his short play &#8220;A List of Some Shit I&#8217;ve Killed\u201d was published as part of the Red Bull Theater&#8217;s anthology Red Bull Shorts Volume III.<\/p>\n\n\n\n<p>Additionally, Matt has worked with comic book creator Edgardo Miranda Rodriguez as an editor and co-writer for Darryl Makes Comics&#8217; DMC, as well as Somos Arte&#8217;s La Borinque\u00f1a. Matt received his MFA from Columbia University, and is currently a NYTW 2050 Fellow and a member of The Civilians&#8217; R&amp;D Group.<\/p>\n","protected":false},"excerpt":{"rendered":"<p>Plays: EL COQU\u00cd ESPECTACULAR AND THE BOTTLE OF DOOMPRINCESS CLARA OF LOISAIDASAINTS GO MARCHINGINFALLIBILITYTHE VENETIANSSTOO&#8217;S FAMOUS MARTIAN-AMERICAN GUMBO Synopses: El<\/p>\n","protected":false},"author":2,"featured_media":0,"parent":495,"menu_order":41,"comment_status":"closed","ping_status":"closed","template":"","meta":{"ngg_post_thumbnail":0,"footnotes":""},"class_list":["post-14655","page","type-page","status-publish","hentry"],"_links":{"self":[{"href":"https:\/\/www.bretadamsltd.net\/content\/wp-json\/wp\/v2\/pages\/14655","targetHints":{"allow":["GET"]}}],"collection":[{"href":"https:\/\/www.bretadamsltd.net\/content\/wp-json\/wp\/v2\/pages"}],"about":[{"href":"https:\/\/www.bretadamsltd.net\/content\/wp-json\/wp\/v2\/types\/page"}],"author":[{"embeddable":true,"href":"https:\/\/www.bretadamsltd.net\/content\/wp-json\/wp\/v2\/users\/2"}],"replies":[{"embeddable":true,"href":"https:\/\/www.bretadamsltd.net\/content\/wp-json\/wp\/v2\/comments?post=14655"}],"version-history":[{"count":6,"href":"https:\/\/www.bretadamsltd.net\/content\/wp-json\/wp\/v2\/pages\/14655\/revisions"}],"predecessor-version":[{"id":16288,"href":"https:\/\/www.bretadamsltd.net\/content\/wp-json\/wp\/v2\/pages\/14655\/revisions\/16288"}],"up":[{"embeddable":true,"href":"https:\/\/www.bretadamsltd.net\/content\/wp-json\/wp\/v2\/pages\/495"}],"wp:attachment":[{"href":"https:\/\/www.bretadamsltd.net\/content\/wp-json\/wp\/v2\/media?parent=14655"}],"curies":[{"name":"wp","href":"https:\/\/api.w.org\/{rel}","templated":true}]}}